t w = 4 - 8. Let f(a) = -a**2 - 6*a - 6. Let o be f(w). Suppose 0 = -j - o*j + 9. Calculate the highest common divisor of j and 1.
1
Let y be 200/30*12/10. What is the greatest common divisor of y and 24?
8
Let u be ((-7)/(-7) + -37)/(-2). Suppose 0 = -2*r - 18 + 108. What is the highest common divisor of u and r?
9
Let q be -2*(81/2)/(-3). Let a(u) = 2*u**3 + 3*u**2 - 9*u. Let i be a(6). Suppose v - 3*v = -i. What is the greatest common factor of v and q?
27
Let t = -12 - -36. Calculate the greatest common factor of t and 192.
24
Suppose 3*y = -2*y + 60. Let o = -20 + y. Let k(n) = -n + 2. Let i be k(o). Calculate the highest common factor of 90 and i.
10
Let z be (6/(-8))/((-1)/80). Suppose -5*k + 72 = 3*d, 4*k = 5*d + 3*k - 120. Suppose -2*s = -s - d. Calculate the greatest common factor of s and z.
12
Let n = 11 - 43. Let d(y) = -y**2 + 2. Let x be d(5). Let v = x - n. Calculate the highest common factor of 45 and v.
9
Let f = 149 - 147. What is the highest common divisor of f and 34?
2
Let m = 5 + 26. What is the highest common divisor of 279 and m?
31
Suppose 5*b + 81 + 197 = -4*t, b = t + 74. Let g be ((-2)/(-6))/((-4)/t). What is the highest common factor of 4 and g?
2
Suppose 5*d - 21 = -4*t, 3*t = 2 + 10. Let b(c) = 2*c**2 - 4*c + 1. Let z be b(3). What is the highest common divisor of d and z?
1
Let d(f) be the first derivative of 8*f**3/3 - f**2/2 - 3*f - 3. Let x be d(-3). What is the highest common divisor of x and 12?
12
Suppose 3*u + 13 = m, 26 = 2*m - 4*u - 0. What is the highest common divisor of 130 and m?
13
Let h(i) = -i**2 - 15*i - 26. Let b be h(-12). What is the greatest common factor of b and 50?
10
Let k = 1 - -4. Let r be (-2)/(-3) + (-236)/(-6). Calculate the highest common factor of r and k.
5
Let x be 7/35 + (-78)/(-10). Suppose 0 = x*l - 9*l + 7. Calculate the highest common divisor of 63 and l.
7
Suppose 2*f + 60 = 7*f. What is the greatest common factor of f and 132?
12
Suppose 9*z - 150 = 4*z. Calculate the greatest common factor of z and 45.
15
Let v(j) = -15*j - 13. Let a be v(-6). What is the greatest common factor of 11 and a?
11
Let y(x) = 17*x. Let g(t) = 17*t + 1. Let d(k) = -4*g(k) + 3*y(k). Let l be d(-2). What is the highest common factor of l and 75?
15
Suppose 1 = -12*m + 11*m. Let u = 41 + m. Calculate the greatest common divisor of u and 8.
8
Suppose n + b + 3*b = 20, n + 3*b = 18. Let m be (-3)/4 - 51/(-4). What is the greatest common factor of n and m?
12
Suppose 0 = 3*k - 9, 0 = 2*t + t + 4*k - 210. What is the highest common factor of t and 22?
22
Suppose -3*m - 4*a = -338 - 42, 3*m - 392 = -a. Let y(s) = 12*s**2 - s - 1. Let d be y(-1). What is the greatest common factor of d and m?
12
Suppose -2*s = -3*u + 25, -5*u + 3*s + 46 = 4*s. Suppose -2*v - 1 = -5. Let n = u - v. Calculate the greatest common factor of n and 21.
7
Suppose 0 = 5*x - 87 - 93. Let w(a) = -a**2 - 8*a - 3. Let q be w(-6). Calculate the highest common factor of q and x.
9
Let m = -2 - -1. Let b be 3/m*(-105)/9. Calculate the highest common divisor of b and 5.
5
Let l(q) = 70*q + 1. Let n be l(1). Suppose 2*w = -5*m - n, -2*m + 68 + 66 = -5*w. Let t be (72/w)/(2/(-14)). Calculate the highest common divisor of t and 45.
9
Suppose 0 = -4*m + 5*m - 5. Suppose -m*q + 5*r + 50 = 0, -4*q - 2*r = -0*q - 64. What is the greatest common divisor of 56 and q?
14
Suppose -40 = -5*y + u - 6*u, 2*u = -4*y + 28. What is the highest common divisor of 54 and y?
6
Suppose 0 = 2*r + 3*m - 0 - 18, 5*r - 5*m = 70. Suppose -4*l - 328 = 5432. Let t be ((-1)/2)/(12/l). What is the highest common factor of t and r?
12
Let h be 2/12 - 10/(-12). Suppose 5*f - 41 = -4*a, 3 = a - h. Suppose -k + f*k = 96. Calculate the greatest common factor of k and 16.
8
Let k(h) = -h**3 - 17*h**2 - h - 12. Let y be k(-17). Calculate the greatest common factor of y and 20.
5
Suppose -26 = -o - 5*z - 4, -13 = -o - 2*z. What is the greatest common factor of 14 and o?
7
Suppose -4*y - 3*s = -12, -3*y + 3 = 2*s - 6. Suppose -5*h - y*m + 2 = -3, -h - m = 1. Let n = 3 - -3. What is the greatest common divisor of h and n?
2
Suppose -5*a = -a - 32. Let m = 300 + -292. Calculate the highest common factor of a and m.
8
Suppose 4*k = 6*k + 5*z - 22, k - z = 25. Let s = k - -5. Calculate the greatest common divisor of s and 182.
26
Let w(n) = 3*n + 25. Let v be w(-8). What is the greatest common factor of 9 and v?
1
Let m = -237 + 347. Let u be -1*(2 - 3) - -9. Calculate the highest common divisor of m and u.
10
Let b be (-60)/(-2)*(-10)/(-15). Suppose -b = 2*r - 3*r. Calculate the greatest common divisor of r and 4.
4
Suppose -5*m + 22 = -o + 71, 4*m - 154 = -2*o. What is the highest common divisor of 23 and o?
23
Suppose -h + 5*z + 6 = 0, -4*h - 6*z + z = -124. Calculate the greatest common factor of 39 and h.
13
Suppose c - 4*d - 15 = 0, -7 = -3*c + 5*d + 17. Let s be 724/6 - 2/c. Let i = 177 - s. Calculate the greatest common divisor of i and 19.
19
Let f = 0 - -50. Calculate the highest common divisor of f and 25.
25
Let a = 24 + -8. Suppose 4*z = 5*q - 56, 2*z = 2*q + z - 23. Let v be 194/8 - 3/q. What is the highest common factor of a and v?
8
Suppose 2*q + 0 = 4. Suppose 5*z + 32 = 4*s + z, -q*s - z = -4. Calculate the greatest common divisor of 44 and s.
4
Let i(p) = 8*p**2 + 2*p - 1. Let c be i(1). Let u = 127 - 84. Suppose -3*z - 5*r = -2*z - 55, 0 = z - r - u. What is the greatest common factor of z and c?
9
Let z = 61 - 89. Let m = -20 - z. Suppose -3*u - u + m = 0. Calculate the highest common factor of u and 14.
2
Suppose -4*u + 98 = -2*r, -2*u - 29 = -3*u - r. Suppose -u = 4*c - 10. Let a be (-5)/(-20) + (-527)/c. Calculate the greatest common divisor of a and 12.
12
Let m be 2/1 + -3*(-280)/12. Calculate the highest common divisor of 180 and m.
36
Let q(c) = 103*c**2 + c + 1. Let b be q(1). Let y = 17 - 2. What is the highest common factor of y and b?
15
Let v = 22 - 14. What is the greatest common divisor of 64 and v?
8
Suppose -3*s - 4*h + 52 = 0, 0 = -5*s + 2*h + 131 - 1. Let g = s - 16. Calculate the highest common factor of g and 1.
1
Let o = -40 + 50. Let t be 0 + (-2 - -2) - -10. Calculate the greatest common factor of t and o.
10
Let z = -50 - -53. Suppose -2*s + 3*u = -2*u - 56, -s = -5*u - 23. What is the highest common divisor of s and z?
3
Let a(l) = l**2 + 3*l + 2. Let w be a(3). Suppose -281 = -4*r + 2*r + i, 5*r - 696 = -4*i. What is the greatest common divisor of r and w?
20
Let j(h) = 15*h**2 + h**3 + 8 - 2*h**3 - 7*h**2 - 8*h. Let w be 4/((-5)/(-3) + -1). Let l be j(w). What is the highest common factor of l and 4?
4
Let i be 36/21*98/4. Calculate the highest common factor of i and 14.
14
Let d be 261/12 + 36/(-48). Let n be 3 + (-1 - 1*-1). Calculate the highest common factor of n and d.
3
Let n be 12/15*(-170)/(-4). Calculate the highest common factor of 68 and n.
34
Let l(v) = -v**2 + 6*v - 3. Let h be l(6). Let j(g) = 3*g**2 + 5*g + 2. Let z be j(h). What is the greatest common factor of 14 and z?
14
Let g be 5 + -3 - (-264)/(-1). Let w = 465 + g. Calculate the greatest common factor of 29 and w.
29
Let t(y) = -y - 1. Let o be t(-11). Suppose -40 = -m - 5*q, q - 116 = -5*m - 3*q. What is the highest common divisor of m and o?
10
Suppose 16 = 5*y - 24. Let p = y + -1. Suppose -3*c + u + 207 = 57, u = 5*c - 248. What is the greatest common divisor of p and c?
7
Let a = 3 - 5. Let f be (-99)/(-15) - a/5. Calculate the highest common divisor of 35 and f.
7
Let r = -22 + 36. Let i = r + 6. What is the highest common factor of i and 30?
10
Let q(h) = h**3 + 5*h**2 + h - 1. Let v be q(-4). Calculate the highest common factor of v and 11.
11
Let i(d) = 2*d + 71. Let m be i(-28). Let z be (-2)/2*2*-5. Calculate the highest common divisor of m and z.
5
Suppose 0*n + 8 = -2*n. Let w be n/2 + (-1 - -9). Suppose -w*q + q + 75 = 0. Calculate the greatest common divisor of q and 120.
15
Let n be 56/16*4/2. Let i be (-1 + (-6)/(-3))/1. What is the highest common factor of i and n?
1
Let c = -11 - -16. Let m(t) = 8*t + 5. Suppose -r = -4*r - 6, -5*a - 5*r = -15. Let h be m(a). Calculate the highest common factor of h and c.
5
Let j = -7 - -9. Suppose 14 = k - j*i - 2, -2*i + 10 = 0. Calculate the greatest common factor of k and 39.
13
Let a(s) = s**3 +